{"id":333,"date":"2021-09-22T11:03:44","date_gmt":"2021-09-22T11:03:44","guid":{"rendered":"http:\/\/sport-richter.de\/?page_id=333"},"modified":"2021-09-22T11:03:44","modified_gmt":"2021-09-22T11:03:44","slug":"trageberatung","status":"publish","type":"page","link":"https:\/\/sport-richter.de\/?page_id=333","title":{"rendered":"Trageberatung"},"content":{"rendered":"<p><strong>Trageberatung <\/strong>Bei einer Trageberatung erkl\u00e4rt dir eine speziell ausgebildete Fachfrau was es beim Tragen von Babys zu beachten gibt. Und zwar ich. Du lernst ergonomisch korrektes Tragen im Sinne der Gesundheit deines Kindes und dir. Du kannst Tragehilfen testen und das Beste f\u00fcr Euch herausfinden, bevor du unn\u00fctz Geld ausgibst. Es ist eine pers\u00f6nliche auf dich und dein Kind abgestimmte Beratung, daher gibt es die Termine nur auf Anfrage.<\/p>\n<p><strong><em>* Die Beratung:<\/em><\/strong><em> kontakt@sport-richter.de oder 0175 3629723<\/em><\/p>\n<p><a href=\"http:\/\/sport-richter.de\/wp-content\/uploads\/2021\/09\/0001-19797922033_20210415_123953_0000.png\"><img loading=\"lazy\" decoding=\"async\" class=\"alignnone size-medium wp-image-337\" src=\"http:\/\/sport-richter.de\/wp-content\/uploads\/2021\/09\/0001-19797922033_20210415_123953_0000-300x240.png\" alt=\"\" width=\"300\" height=\"240\" srcset=\"https:\/\/sport-richter.de\/wp-content\/uploads\/2021\/09\/0001-19797922033_20210415_123953_0000-300x240.png 300w, https:\/\/sport-richter.de\/wp-content\/uploads\/2021\/09\/0001-19797922033_20210415_123953_0000-768x614.png 768w, https:\/\/sport-richter.de\/wp-content\/uploads\/2021\/09\/0001-19797922033_20210415_123953_0000-1024x819.png 1024w, https:\/\/sport-richter.de\/wp-content\/uploads\/2021\/09\/0001-19797922033_20210415_123953_0000-100x80.png 100w, https:\/\/sport-richter.de\/wp-content\/uploads\/2021\/09\/0001-19797922033_20210415_123953_0000-150x120.png 150w, https:\/\/sport-richter.de\/wp-content\/uploads\/2021\/09\/0001-19797922033_20210415_123953_0000-200x160.png 200w, https:\/\/sport-richter.de\/wp-content\/uploads\/2021\/09\/0001-19797922033_20210415_123953_0000-450x360.png 450w, https:\/\/sport-richter.de\/wp-content\/uploads\/2021\/09\/0001-19797922033_20210415_123953_0000-600x480.png 600w, https:\/\/sport-richter.de\/wp-content\/uploads\/2021\/09\/0001-19797922033_20210415_123953_0000-900x720.png 900w, https:\/\/sport-richter.de\/wp-content\/uploads\/2021\/09\/0001-19797922033_20210415_123953_0000.png 2000w\" sizes=\"auto, (max-width: 300px) 100vw, 300px\" \/><\/a><\/p>\n","protected":false},"excerpt":{"rendered":"<p>Trageberatung Bei einer Trageberatung erkl\u00e4rt dir eine speziell ausgebildete Fachfrau was es beim Tragen von Babys zu beachten gibt. Und zwar ich. Du lernst ergonomisch korrektes Tragen im Sinne der Gesundheit deines Kindes und dir. Du kannst Tragehilfen testen und &hellip;<\/p>\n<p class=\"read-more\"> <a class=\"more-link\" href=\"https:\/\/sport-richter.de\/?page_id=333\"> <span class=\"screen-reader-text\">Trageberatung<\/span> Read More &raquo;<\/a><\/p>\n","protected":false},"author":2,"featured_media":334,"parent":0,"menu_order":4,"comment_status":"closed","ping_status":"closed","template":"","meta":{"footnotes":""},"class_list":["post-333","page","type-page","status-publish","has-post-thumbnail","hentry"],"_links":{"self":[{"href":"https:\/\/sport-richter.de\/index.php?rest_route=\/wp\/v2\/pages\/333","targetHints":{"allow":["GET"]}}],"collection":[{"href":"https:\/\/sport-richter.de\/index.php?rest_route=\/wp\/v2\/pages"}],"about":[{"href":"https:\/\/sport-richter.de\/index.php?rest_route=\/wp\/v2\/types\/page"}],"author":[{"embeddable":true,"href":"https:\/\/sport-richter.de\/index.php?rest_route=\/wp\/v2\/users\/2"}],"replies":[{"embeddable":true,"href":"https:\/\/sport-richter.de\/index.php?rest_route=%2Fwp%2Fv2%2Fcomments&post=333"}],"version-history":[{"count":2,"href":"https:\/\/sport-richter.de\/index.php?rest_route=\/wp\/v2\/pages\/333\/revisions"}],"predecessor-version":[{"id":338,"href":"https:\/\/sport-richter.de\/index.php?rest_route=\/wp\/v2\/pages\/333\/revisions\/338"}],"wp:featuredmedia":[{"embeddable":true,"href":"https:\/\/sport-richter.de\/index.php?rest_route=\/wp\/v2\/media\/334"}],"wp:attachment":[{"href":"https:\/\/sport-richter.de\/index.php?rest_route=%2Fwp%2Fv2%2Fmedia&parent=333"}],"curies":[{"name":"wp","href":"https:\/\/api.w.org\/{rel}","templated":true}]}}